
301
Suppose -74*x = -261114 + 19282. What is the greatest common factor of x and 76?
76
Let y(q) = 893*q - 9. Let x be y(3). Let g = x - 4530. Let n be g/(-135) + 4/18. What is the greatest common factor of n and 35?
7
Let x(o) = -2*o**3 + 48*o**2 - 139*o - 237. Let b be x(5). Let t = -826 - -1582. What is the highest common divisor of t and b?
18
Suppose -5*t + 108 = -408*h + 411*h, 2*h - 4*t - 6 = 0. Let o = -7 + 5. Let g be (7/(-2))/(o/36). What is the highest common factor of h and g?
21
Suppose 21*z + 1904 = 2*m + 14*z, 2763 = 3*m + 5*z. Calculate the greatest common factor of 1121 and m.
19
Let f(y) = y**3 - 98*y**2 + 484*y + 1. Let i be f(5). What is the greatest common factor of i and 2608?
16
Let l = 308 + -308. Let a(o) = -o**3 - o**2 + 2*o + 160. Let n be a(l). What is the greatest common factor of 32 and n?
32
Suppose 2 = -k - 0, 0 = 3*a - 5*k - 85. Suppose 4*s - 223 = a. Suppose -2*w + s = -0*w. Calculate the highest common factor of w and 155.
31
Let w(a) = a**3 - 20*a**2 - 38*a - 93. Let o be w(22). Suppose 4*g - o - 325 = 0. What is the highest common divisor of g and 1729?
91
Suppose 2 = -2*o, 3 = u - 8*o + 3*o. Let d be 13/u - (-7)/14. Let j be (-11 - -27)/(-1*d/39). What is the highest common divisor of j and 26?
26
Suppose r + 5*r + 289 = 307. What is the highest common factor of 811 and r?
1
Suppose -79*k - 5*x + 955 = -77*k, -4*k = 2*x - 1870. What is the greatest common divisor of 1209 and k?
93
Suppose -1573*i + 1552*i + 462 = 0. Calculate the highest common factor of i and 2167.
11
Let s = 455 - 444. Calculate the highest common factor of s and 4609.
11
Let k = 6649 + -6627. Calculate the highest common divisor of 16522 and k.
22
Let k = 386 - 798. Let d = k + 443. What is the highest common divisor of 279 and d?
31
Let r = 9 - -7. Let t(j) = j**3 - 17*j**2 + 16*j. Let k be t(r). Suppose k = o + 4*o - 115. What is the greatest common divisor of 207 and o?
23
Let v(x) = -23*x + 2402. Let b be v(86). What is the greatest common factor of b and 8?
8
Let p(m) = -m**3 + m**2 + 960. Let l be p(0). Let u(y) = -y**3 - 116*y**2 - 111*y + 520. Let z be u(-115). What is the highest common factor of l and z?
60
Let w be (1 + -6)/((7525/516)/(-35)). Calculate the greatest common factor of 2358 and w.
6
Let q be (-148)/(-666) + (-3146)/(-18). Calculate the greatest common factor of q and 210.
35
Let i(v) = -20*v**3 + 2*v**2 + v + 1. Let y = 0 + -1. Let o be i(y). Suppose o*c - 10*c = 300. What is the highest common factor of 75 and c?
25
Let o = 15110 - 15099. What is the greatest common factor of o and 3773?
11
Let u(z) = 2*z + 41. Let w be u(-13). Let g be 148/6 + (-10)/w. Let t = g + 21. What is the highest common divisor of 495 and t?
45
Suppose 3*m + 3*p = 70 - 22, -2*p = 5*m - 95. Let b be 30*(14/m)/1. Calculate the greatest common factor of b and 8.
4
Let f(y) be the second derivative of 1/2*y**2 + 0 - 1/12*y**4 - 10*y - 7/3*y**3. Let m be f(-13). Calculate the greatest common factor of 56 and m.
14
Suppose -33*s = -47*s + 4004. Suppose 14*k + 8*k - s = 0. Calculate the greatest common factor of k and 65.
13
Suppose 81*a - 49856 = 17*a. Suppose -2*y - 4*h + 82 = 0, -5*y - 4*h + 205 = -h. What is the highest common divisor of y and a?
41
Let o(s) = -s**2 - 19*s - 56. Let i be o(-15). Suppose -2*k + i = -120. What is the highest common divisor of k and 31?
31
Let u(x) = x - 16. Let c be u(16). Suppose -15 = -c*g - 3*g. Let w be 128/(1/(g/10)). What is the highest common divisor of 8 and w?
8
Suppose 29*n + 2909 - 4359 = 0. Calculate the greatest common divisor of 13500 and n.
50
Let t(l) = -l + 25. Let c = -378 + 400. Let z be t(c). Calculate the highest common divisor of 78 and z.
3
Let n(s) = 88*s**3 + 9*s**2 - 11*s + 2. Let o be n(1). What is the highest common factor of o and 104?
8
Suppose -s + 36 = 2*s. Let x(p) = 799*p + 1618. Let h be x(-2). What is the highest common divisor of h and s?
4
Suppose -72 = -k - 4*h, 0 = -25*k + 26*k + 3*h - 71. Suppose 6*c - k = 154. Calculate the highest common factor of 111 and c.
37
Suppose 2*d + 5*l - 5 - 1 = 0, 3*l + 15 = 5*d. Suppose -d*u = -5*k - 2630, -5*u + 2*k + 3071 = -1287. What is the highest common factor of u and 30?
30
Suppose -4*h = -7*h - r + 1202, 3*h + 3*r = 1206. Let x = h - 268. Let b = -2310 - -2322. Calculate the highest common factor of x and b.
12
Let j = -238 - -237. Let r be ((-187)/(-11))/(j/(-1)). Let q(g) = g**3 + 11*g**2 + 6*g - 8. Let c be q(-6). What is the greatest common divisor of c and r?
17
Let c = 184 + -163. Suppose 5*o = -4*n + c, 4*o - 8 = -15*n + 14*n. Let i be 1 - (1 - 0) - -1. Calculate the greatest common factor of n and i.
1
Let r(k) = -132*k + 1192. Let d be r(0). Calculate the highest common factor of 8 and d.
8
Let z be (-3 + 527*-2)*(60/(-15) + 2). What is the greatest common factor of 6 and z?
2
Let l be 0 - (3/(-3 + 0) - 185). Suppose -2*p + 374 = 3*t, 5*t - 5*p - l = 479. Let a = 50 + -34. What is the highest common divisor of a and t?
16
Let q = -10922 - -11000. Let u = -18 - -31. What is the highest common divisor of u and q?
13
Let a(f) = f - 2. Let s be a(6). Let m = -1446 - -1451. Suppose -2*r - m*q + 116 = 0, 3*r = -3*q + 129 + 63. Calculate the greatest common factor of r and s.
4
Let v be -1*(4 + -3)*-6*-6. Let s be 147/51 - v/306. Calculate the highest common divisor of s and 8.
1
Let w(x) = -x**2 + 11*x + 16. Suppose 9*m = 5*m - 5*o + 48, -12 = -m + o. Let b be w(m). What is the highest common divisor of 3 and b?
1
Let c = -90 - -159. Suppose -672 = -10*i + 248. What is the greatest common divisor of i and c?
23
Let i(a) = -14*a + 207. Let w be i(14). Let n = -79 + 134. What is the greatest common factor of w and n?
11
Suppose 191 + 3 = 71*b - 232. What is the highest common factor of b and 129?
3
Let m(g) = -3*g - 7*g - 11 - 3 + 2*g. Let v be m(-6). Let c(d) = d**2 - 19*d - 65. Let y be c(25). What is the highest common divisor of y and v?
17
Let d = -1542 - -1727. Calculate the highest common divisor of d and 4033.
37
Suppose m - 5*t + 33 = 11, -15 = -3*t. Suppose 5 = f, m*u - 4*f - 21 = -f. Calculate the highest common divisor of 18 and u.
6
Let j be 10/(14 + 3717/(-266)). Calculate the highest common divisor of 80 and j.
20
Suppose -18607 = -115*i + 135378. Calculate the highest common divisor of i and 39.
13
Let a(d) = -5*d**3 - 5*d**2 + 16*d + 47. Let s be a(-6). Suppose -s = -37*x + 407. What is the greatest common divisor of x and 646?
34
Suppose -99*j = 52*j + 12*j - 42380. Calculate the highest common factor of 572 and j.
52
Let d = -113 + 118. Suppose -5*h = 3*f - 5*f + 16, 21 = 5*f - 3*h. Suppose -f*j = d*j - 968. Calculate the greatest common factor of 11 and j.
11
Let j = -13218 + 17640. What is the highest common factor of j and 264?
66
Let j be (1 - 36/20)*25. Let n be (1*-11)/(-6 + (-110)/j). What is the highest common factor of n and 352?
22
Let g(n) = -33*n - 18. Let q be g(-6). Let x = 179 + q. Suppose 2*k - 4*p - x = -p, 0 = -3*k + 3*p + 543. Calculate the highest common factor of 23 and k.
23
Suppose 0 = y - 5*a - 3, -4*a = 7 - 19. Suppose -v = 4*v. Suppose -2*q + 5*d = 7*d - 56, -3*q - 4*d + 88 = v. What is the highest common factor of y and q?
6
Suppose 1562*c - 1555*c - 455 = 0. Calculate the greatest common factor of c and 611.
13
Let v = 1738 - 1630. What is the greatest common factor of v and 63?
9
Suppose 122 = 2*t + 5*a, -2*a - 136 = -5*t + 3*t. Let b = -33 + t. What is the highest common factor of 22 and b?
11
Suppose -12*f = 2*m - 17*f - 358, 3*f - 516 = -3*m. Let l = m - 134. What is the greatest common divisor of l and 60?
20
Let x = 47 - 80. Let q = -17 - x. Suppose -34 = -r - 41*y + 44*y, -5*y - 46 = -r. What is the greatest common divisor of q and r?
16
Let i be 91/52 + (-1)/(-4). Suppose -3*s + i*u = 6*u - 8, 4*u - 24 = s. Let k be ((-40)/(-50))/(s/(-170)). What is the greatest common divisor of k and 34?
34
Let w = -420 - -557. Suppose -15 = -19*z + w. What is the greatest common factor of z and 18?
2
Suppose 5*y = -n + 3*y - 32, n = -5*y - 38. Let f = n - -52. Let b be (5 - -13)*f/9. What is the highest common factor of 6 and b?
6
Let d be 2513 - (10 + -12) - (-28)/4. What is the highest common factor of 104 and d?
26
Suppose -11*f + 138 = -9*f. Let b be 9/((-27)/(-408)) + 4. Supp